. Let b be (17*-1)/((-16)/4 - d). Let l = b - -36. What is the greatest common factor of 1 and l?
1
Suppose 37*x = 3246 + 2119. Let m = x - 137. Calculate the highest common divisor of 2 and m.
2
Suppose 2*s - 3*x - 465 = 0, 4*s + 393 - 1288 = -x. Let f = -193 + s. Calculate the greatest common divisor of 368 and f.
16
Suppose 3*g - 2*y - 700 = 0, -1135*y = -3*g - 1132*y + 699. Let z(p) = p**2 - 2*p + 4. Let i be z(8). What is the greatest common divisor of i and g?
26
Let m(g) be the third derivative of g**4/8 - 23*g**3/6 + 40*g**2. Let y be m(13). What is the greatest common factor of 12 and y?
4
Let z = -7 - -15. Let s be 6/z - 9269/92. Let u = 124 - s. Calculate the highest common divisor of u and 32.
32
Let v(s) = -5*s**3 + 4*s**2 + 4*s - 25. Let g be v(-9). Suppose -2*t + 3*u - 2*u = -1558, -5*t = 4*u - g. Calculate the highest common divisor of t and 15.
15
Let j(u) = 14*u**3 + 3*u**2 - 27*u - 4. Let p be j(7). Calculate the highest common factor of p and 203.
29
Suppose -t - 7 = -32. Let w = 404 - 16. Let a = -263 + w. What is the highest common factor of t and a?
25
Suppose 76 = 17*b - 13*b - 5*w, -2*b = 5*w - 38. What is the highest common factor of 6137 and b?
19
Let b be (-11550)/(-63)*(-3)/(-2). Calculate the greatest common divisor of b and 99.
11
Suppose 82*v - 173250 = 27*v. What is the highest common divisor of 126 and v?
126
Let t be (2/6*-2)/((-68)/34)*9. Calculate the greatest common factor of 2391 and t.
3
Let n = -152 + -102. Let f = n + 281. What is the greatest common factor of f and 36?
9
Let s = -183 - -187. Suppose 71 = s*t - 125. Calculate the highest common divisor of t and 28.
7
Let z(i) = -i**2 + 4*i + 4. Let k be z(3). Let v = k + 11. Suppose -5*j = 4*g - 136, -2*j + 4*g = -0*g - 32. Calculate the greatest common divisor of v and j.
6
Let y be 813824/(-816)*3/(-4). What is the highest common divisor of y and 629?
17
Suppose 132 = a + j - 4*j, 2*j + 634 = 5*a. Let i(h) = h**2 + 3*h + 2. Let l be i(-16). Calculate the greatest common factor of l and a.
42
Let y(a) = -a**3 - 10*a**2 + 11*a. Let o be y(-11). Let v(x) = 3*x**2 + x + 8. Let d be v(o). Calculate the greatest common factor of 6 and d.
2
Let n = 1111 + -770. Let j be -3 - (-3 + 6 + -26). Suppose 4*x - j = 0, -5*q + 3*q - 3*x + 77 = 0. What is the highest common divisor of q and n?
31
Let d(a) = a - 9. Let z be d(0). Let h be 9/(-6)*(1 + z). Let j be ((-312)/(-273))/((-5)/(-35)). What is the highest common factor of j and h?
4
Let x(h) = 220*h + 2893. Let z be x(-12). What is the greatest common factor of z and 230?
23
Let y be -2*1/(-3) - 304/(-228). Suppose 0*n = -y*n, -3*n - 52 = -4*q. What is the highest common factor of 26 and q?
13
Let o(g) = -g**3 - 10*g**2 - 19*g + 2. Suppose 16 = -4*b + 2*b. Let y be o(b). Let i be (2 - -1) + (1/1)/(-1). What is the highest common factor of i and y?
2
Let m = 71 - 70. Let r be m - -38 - (1 + -2 - -1). Let j = -17 + r. What is the highest common divisor of j and 110?
22
Let g(y) = -y**2 - y + 153. Let a be g(0). Suppose 4*f - 857*z = -856*z + 40, -5*f - 4*z = -29. Calculate the highest common divisor of a and f.
9
Let q = 10614 + -10513. What is the greatest common divisor of q and 9797?
101
Suppose -5*w - l + 13 = 0, -3*w + 4*l - 22 = -8*w. Let m = 11 - w. Let h be (-3)/2*(-2 + 0 - 6). Calculate the greatest common divisor of m and h.
3
Suppose -6*u + 4479 = 879. Suppose 0 = 22*v - 19*v - u. What is the highest common factor of v and 25?
25
Let r(y) = -6*y**3 - 18*y**2 - 92*y - 25. Let o be r(-5). What is the greatest common divisor of o and 75?
15
Let t = -3380 + 3405. What is the highest common divisor of t and 410?
5
Let t(j) = 120*j**2 + 398*j - 3680. Let b be t(9). Calculate the highest common factor of b and 17.
17
Suppose 11*j = 9*j. Let s be (-12)/(24/10) + 63 + j. Calculate the highest common factor of s and 29.
29
Suppose -112 = -4*j + 200. Suppose -5*t - 13*t + 468 = 0. What is the greatest common factor of j and t?
26
Let g(x) = -32*x + 16. Let b be g(-8). Suppose w - 3*s = 4, 40 = 2*w - 31*s + 33*s. Calculate the highest common divisor of b and w.
16
Let p(u) = -14*u - 126. Let h be p(-9). Suppose h = 7*o + 11*o - 4896. What is the highest common factor of 48 and o?
16
Let s be (3/(-9) - -1) + (-52)/(-12). Suppose s*o + 24 = 8*o. Calculate the highest common divisor of o and 36.
4
Let b(o) = -3*o**2 - 1. Suppose 5*m - 17 = 4*h, 5*m - 3*h = 3*m + 11. Let r be b(m). Let a be 54/r*24/(-18). Calculate the greatest common divisor of a and 72.
18
Let f(d) = d**3 + 29*d**2 + 9*d + 980. Let r be f(30). What is the greatest common factor of 50 and r?
50
Let k be (-89760)/(-105) - (-12)/(-14). Calculate the greatest common divisor of k and 126.
14
Let p = 285 + -159. Suppose 0 = 5*z + 2*l + p, -l + 0*l = -2*z - 45. Let f be 1/(-4) + (-558)/z + -5. Calculate the greatest common divisor of f and 162.
18
Suppose -3*c + 3*h = 2*c + 150, 0 = -c + h - 32. Let b = c - -36. Calculate the highest common divisor of 9 and b.
9
Suppose 12*q - 75 - 357 = 0. Suppose -67*h + 72*h - 270 = 0. Calculate the greatest common divisor of q and h.
18
Let q = 832 - 185. Let l = q + -381. Let j be l/8 - 2/8. Calculate the highest common divisor of j and 231.
33
Let n(u) = 4*u - 10. Let o be n(8). Let p be 4/(-4) + (-77)/(-44)*4. What is the highest common factor of o and p?
2
Suppose 5*g + 2*v = 638, 55*v - 634 = -5*g + 54*v. What is the highest common divisor of g and 147?
21
Suppose 2*t - 77 = -2*s + 7*t, 80 = 2*s - 4*t. What is the highest common divisor of 253 and s?
23
Suppose -199 = -5*i - k, 0 = -2*k + 1 + 7. Suppose h + 3 - i = -5*f, -f - h = -8. What is the highest common factor of f and 63?
7
Suppose t + 1760 = 8*t - 12688. Calculate the greatest common factor of t and 60.
12
Let v(d) = d**3 - 49*d**2 + 363*d - 87. Let m be v(40). What is the greatest common divisor of m and 99?
33
Let z(y) = 5*y - 1. Let a(x) = 6*x - 1. Let k(c) = -3*a(c) + 4*z(c). Let s = 26 + -18. Let l be k(s). What is the highest common factor of 5 and l?
5
Let j be (-97)/(-5) + 84/(-60). Suppose -33*a + j = -27*a. What is the highest common divisor of a and 15?
3
Let l(k) = -5*k + 2. Let d be l(2). Let y be -4 + ((-128)/(-12))/(d/(-48)). Calculate the highest common factor of 24 and y.
12
Suppose -2*w + 6 = -w. Let d be (-18)/(-2)*(1 - -5 - 7). Let f be (d/4)/((-12)/160). Calculate the greatest common divisor of w and f.
6
Let x be (-7 - -9)*10/4. Suppose 0 = -4*r - 9*r. Suppose -5*p + 26 + 74 = r. What is the greatest common divisor of x and p?
5
Let t(q) = 198*q - 11450. Let p be t(59). Calculate the greatest common divisor of p and 1682.
58
Let n(d) = -17*d - 2. Let s be n(-1). Suppose 5*m - s = 2*m. Suppose 9*b = 4*b + m, -u = 2*b - 23. What is the highest common divisor of u and 42?
21
Let s(m) be the third derivative of m**4/3 - 26*m**3/3 + 2*m**2 - 19. Let r be s(18). What is the greatest common factor of r and 138?
46
Let h = 241 + -20. Let l = -13 + 16. Suppose 3*a = 3*n - 225, -l*n + 5*a + h = -0*n. What is the highest common factor of n and 7?
7
Let i(l) = 35*l**2 + 16*l - 30. Let t be i(3). What is the highest common factor of t and 108?
9
Let k be 10*(10/(-4))/(-5) + -2. Suppose -5*f = -2*w - 7, -3*w + w = k*f - 1. Let z be (1 - -5) + (f + 0)*-1. Calculate the highest common divisor of 15 and z.
5
Let y(l) = l**2 + 2*l - 9. Let t be y(4). Let m(x) = -x**3 + x**2 + 75*x - 72. Let f be m(8). What is the greatest common factor of f and t?
5
Let y(k) = 162*k + 9168. Let f be y(-54). Calculate the highest common factor of f and 14595.
105
Suppose -114 = d + 2*r - 381, -4*d + 1056 = 5*r. Let g be (-74)/d + (-2412)/(-14). Let m = 112 - 69. What is the highest common divisor of g and m?
43
Let t = 191 - 249. Let a = t - -93. Suppose -7*r + 875 = -2*r. Calculate the highest common divisor of r and a.
35
Suppose -3*s = 15, 4*o - s + 0*s - 925 = 0. What is the greatest common divisor of o and 1104?
46
Suppose 67688 = 23*h + 9378 - 82657. What is the highest common divisor of 27 and h?
27
Let g(j) = -5*j**2 - 89*j + 13. Let w be g(-14). Calculate the highest common divisor of 899 and w.
31
Let l(j) = -6*j - 9. Let y be 41 - (-1)/2*(-2 + 0). Let k be y/(-22) + (-6)/33. Let c be l(k). Calculate the highest common divisor of c and 3.
3
Let h(o) = 68